ppose -3*k - 5*q + 811 = 0, -2*q = -3*k + 517 + 301. Suppose 2*g + 22 = k. What are the prime factors of g?
5
What are the prime factors of -35*((-371)/(-49) + -7 - (-31098)/(-105))?
2, 7, 739
Let k(h) be the first derivative of h**4/4 + 28*h**3/3 - 14*h**2 - 85*h + 95. What are the prime factors of k(-28)?
3, 233
Let j(t) = t**2 - 10*t + 434. What are the prime factors of j(-63)?
7, 719
Let o = -2290 + 7949. List the prime factors of o.
5659
Let b = -386 + 1351. Let r = 1448 - b. What are the prime factors of r?
3, 7, 23
Let a = 148 + -145. Suppose 22 = -2*p + 14, 5*p + 1205 = a*y. What are the prime factors of y?
5, 79
Let j(b) = -15*b + 3. Let c be j(-5). Let m = -436 + 448. Suppose -3*q = m - c. What are the prime factors of q?
2, 11
Suppose 4*f - 5*d = f + 77, -4*d + 88 = 2*f. Suppose 12*m + 10 = f. Suppose -22 = -5*w + 4*v - 7, 0 = 4*w + m*v - 12. List the prime factors of w.
3
Suppose 5*v = -4*m + 37700, -3*m = -m - 5*v - 18850. What are the prime factors of m?
5, 13, 29
Let c = 71 + 69. Suppose -v + x = -2*x + 60, 2*x = 2*v + c. Let r = v - -98. List the prime factors of r.
23
Suppose -591 = -z + 193. Suppose v - 10*p = -14*p + 401, 2*v - z = -2*p. What are the prime factors of v?
389
Let k(g) = 2*g**2 + 5*g - 16. Let r(c) = c**2 + 3*c - 8. Suppose 0 = -10*f - 16 - 14. Let z(v) = f*k(v) + 5*r(v). List the prime factors of z(0).
2
List the prime factors of -1*0/(-5 + (-24)/(-6)) - -56135.
5, 103, 109
List the prime factors of 149149/44 + (-24)/32.
3389
Let h(j) = 4945*j**3 + 4*j**2 - 31*j + 30. List the prime factors of h(1).
2, 1237
Suppose -c = 2, 4*d + 5*c - 8 = 3*c. Suppose 3*f = 2*x + 13, 0 = 5*f - x - d - 14. Let o = 19 - f. What are the prime factors of o?
2
Let n(o) = -o**3 + 14*o**2 + 13*o - 29. Suppose 0 = x + 2*f - 2 - 2, f + 52 = 4*x. What are the prime factors of n(x)?
5, 83
Suppose 0 = -4*x - 3*h + 78891 + 13031, 3*h = 2*x - 45934. What are the prime factors of x?
2, 359
Let v = -197 - 523. Let w = v - -1277. List the prime factors of w.
557
Let i(q) = -9*q + 27. Let l(v) = -v - 1. Let n(h) = -i(h) + 4*l(h). Let d be (-40)/2 - (297 - 326). List the prime factors of n(d).
2, 7
Suppose 3*n = 3*t - 177, -4*t + 5*n = -3*t - 47. Suppose 4*l + 130 = -2*o, 8*l - 10*l - 5*o - 53 = 0. Let b = t + l. What are the prime factors of b?
2, 7
Suppose -79 = -5*k + 161. What are the prime factors of ((-34)/(-119))/((-1)/7) + k?
2, 23
Let a = 47974 - 13883. What are the prime factors of a?
73, 467
Suppose -2*o + 13860 = 5*v, -o = 11*v - 9*v - 6931. List the prime factors of o.
5, 19, 73
Suppose 0 = 729*s - 689*s - 497320. List the prime factors of s.
12433
Let n be (-32)/(2*(0 + (-1)/4)). Suppose -4*l - 305 = 5*g - 0*g, 3*g = 2*l - 183. Let o = n + g. What are the prime factors of o?
3
Suppose 8766 = -65*l + 74*l. Suppose -102*j + 104*j = l. What are the prime factors of j?
487
Suppose -7*m + 28 = 7. What are the prime factors of 213/m*1 - -5?
2, 19
Let d(q) = q**3 + 6*q**2 + 2*q - 12. Let v be d(-5). Suppose 2*a - 272 = -3*b + v, -2*a + 2*b = -260. List the prime factors of a.
7, 19
Suppose 0 = -n - x - 11, -4*n - 5*x - 46 - 3 = 0. What are the prime factors of (-2 - n)*6534/72?
3, 11
Let g(y) = -y**3 - 13*y**2 + 25*y - 21. Let x be g(-15). Let s = 57 - x. Suppose 327 + 196 = s*p - 4*c, 0 = -3*p - 5*c + 541. What are the prime factors of p?
3, 59
Let n(m) = 2*m**2 + 38*m + 4415. What are the prime factors of n(0)?
5, 883
Let c(n) = -n**3 + 13*n**2 - 50*n - 368. List the prime factors of c(-16).
2, 491
Let s = 485 - 758. Let m be s/14*(-4)/(-3). What are the prime factors of 14/(3/(-9) + m/(-42))?
7
Let a = 11871 - 7685. List the prime factors of a.
2, 7, 13, 23
Suppose -12 = -4*m, 4*m + 0*m - 19 = -l. Suppose -3*p = 10*u - l*u - 1383, 2*p - 5*u - 957 = 0. List the prime factors of p.
2, 233
Let c = -12976 - -21719. List the prime factors of c.
7, 1249
Let z(w) = -w**3 - 6*w**2 + 27*w - 9. Let n(g) = -2*g**3 - 6*g**2 + 25*g - 9. Let l(r) = -4*n(r) + 3*z(r). List the prime factors of l(4).
349
Suppose 0 = -45*v + 14*v + 13878 + 489686. List the prime factors of v.
2, 31, 131
Let f be 5 + -4 + (0 - -3). Suppose -k + 4*r + 165 = 0, 4*k - f*r = -2*r + 618. List the prime factors of k.
3, 17
Let x(d) = -2*d**3 - 10*d**2 + d - 1. Suppose -14*n = 89 + 9. List the prime factors of x(n).
2, 47
Let z(b) = b - 4. Let k be z(6). Let v(q) = 6 - 28*q + 8 + 169*q - 49 + 12. List the prime factors of v(k).
7, 37
What are the prime factors of ((-2)/18)/((-228)/47793303) + 1/(-12)?
23291
Suppose 0 = 3*f - 5*t - 17614, -25*f + 23*f = t - 11760. List the prime factors of f.
2, 2939
Let r(l) = -4*l + 1637. What are the prime factors of r(-40)?
3, 599
Let b = -4253 - -9451. List the prime factors of b.
2, 23, 113
Let z(r) = -6*r - 9. Let n be z(-2). Suppose 3*j = -3, 0*k + n*k - 3*j = 4560. What are the prime factors of k?
7, 31
Suppose 4*f + 1830 = -2*p, 0*p + 4533 = -5*p + 4*f. Let u = 1700 + p. What are the prime factors of u?
7, 113
Suppose 38 = -5*j + 398. Suppose 4*o = 7*o - j. List the prime factors of o.
2, 3
Let c = -733 + 738. Suppose -137 = -0*x - x. Suppose 0 = c*q - 98 - x. What are the prime factors of q?
47
Suppose 5*n - 3*j - 2886 = 0, 3*j - 2298 = -2*n - 2*n. Suppose -2580 = -4*h - n. List the prime factors of h.
3, 167
Suppose -x + 7444 = 2*o, 48*o - 44*o = -x + 14896. What are the prime factors of o?
2, 3, 23
Let g(s) = -5019*s + 2400. What are the prime factors of g(-4)?
2, 3, 1873
Suppose 2*x - 8 = b + 5*x, -4*b + 4*x = 0. Let j be ((-22)/(-4) - 6)/(b/24). Suppose 2*n = -h + 61, 4*n + 235 = j*h - h. What are the prime factors of h?
3, 17
Let t = 6609 - 1775. List the prime factors of t.
2, 2417
Suppose -n + 2*r + 7 + 6 = 0, 2*n + 4 = -2*r. Let q(f) = -f**3 + 6*f**2 - 6*f - 4. Let h be q(n). List the prime factors of (-73)/(h/(15/6) - 3).
73
Let r(b) = 547*b**2 - 257*b + 1298. What are the prime factors of r(5)?
2, 29, 59
Suppose -3*n = -3*h - 8517, 47*n - 44*n = h + 8525. List the prime factors of n.
2843
Let o(i) = -13234*i + 5903. List the prime factors of o(-5).
72073
Let h = -26 + 31. Suppose 81 = -h*v + 8*v. What are the prime factors of 6/v - (-349)/(-18)*-2?
3, 13
Suppose 3*l - 24885 = -5*c + 69845, 9*c + l - 170514 = 0. List the prime factors of c.
2, 9473
Let t(a) = -a**2 - a + 20. Let y be t(-11). Let m be 4/18 + (-1150)/y. Suppose -x = -m*x + 1188. What are the prime factors of x?
3, 11
Suppose -w = -5*w + 84. Suppose 0 = -2*o + k - 19, o + 2*k = -36 + 14. Let i = o + w. What are the prime factors of i?
3
Let h(r) = r**3 + 29*r**2 + 125*r - 28. Let x be h(-23). Suppose 31*b - 1806 = x. What are the prime factors of b?
67
Let k(l) = -l**3 + 9*l**2 + 6*l - 16. Suppose 4*m = o + 42, -5*m - 2*o + 5 = -41. Let t be k(m). Let n = t + 189. List the prime factors of n.
7, 19
Let i = 480 + 567. Suppose 897 = 12*b - i. List the prime factors of b.
2, 3
Let r = 1033 + -691. Let a = r - -17. What are the prime factors of a?
359
Suppose 2*i + 11*n - 13*n = -4568, -2*i - 4574 = -4*n. Let k = -1328 - i. List the prime factors of k.
953
Suppose f + 216 = 44. Let j = 205 + f. What are the prime factors of j?
3, 11
Let r(o) = 207*o**2 - 37*o - 347. List the prime factors of r(-9).
11, 1523
Let x = 14 - 9. Suppose -3*y - 4 = -x*y. Let g(q) = 12*q**3 + 3*q**2 - 5*q + 6. What are the prime factors of g(y)?
2, 13
Let m(l) = 3*l. Let d be m(-5). Let q be 7 - -3 - 6 - 20/(-2). Let z = q - d. What are the prime factors of z?
29
Let a(q) = -q**2 + 12*q + 11. Suppose -5*f = 2*l - 24, 0 = -4*l - 0*l + 3*f + 100. Suppose 28*o = l*o + 42. List the prime factors of a(o).
2, 23
Suppose -12*m = -5*u + 48372, 4*u = 4*m + 34215 + 4505. What are the prime factors of u?
2, 3, 269
Let h = 462 - 242. Suppose 2*s - 6 = 0, 4*d - 5*s - 2961 = -h. What are the prime factors of d?
13, 53
Suppose 5*q - 209909 = 8*d - 7*d, 0 = 2*q + 3*d - 83984. What are the prime factors of q?
41983
Suppose 5*l - 49530 = -11*l + 111526. What are the prime factors of l?
2, 7, 719
Let z be 4/12*((-2)/1 - 1). Let a be (-9)/(-3) + z - -14. Let b(i) = 10*i + 15. List the prime factors of b(a).
5, 7
Let c(s) = 66*s**2 - 76*s + 2180. List the prime factors of c(26).
2, 3, 5, 83
Let a(i) = -89*i + 8. Let n be (-10 - 1/(-1)) + 4. Let w be a(n). Suppose -w = -5*p - 3*j, -2*p + 6*j - 4*j = -194. L